
2, 7, 11
Suppose -4*b - 3*g = -3824, -2879 = -3*b - g - 4*g. Let o = b - 667. What are the prime factors of o?
2, 11, 13
Let y be (-24)/42 - 117/(-21). Suppose 68 = u - 5*n - 4, y*n - 276 = -3*u. What are the prime factors of u?
3, 29
Let g = 10 + -18. Let a be (-24)/g + (-1)/(-1). Suppose -z + 13 = 4*h, z + a*h = 6*z - 161. List the prime factors of z.
29
Suppose 21 - 6 = 5*q. Let m = 0 + q. Suppose -5*l = -m*r - 102, -5*r = -2*l - l + 58. List the prime factors of l.
3, 7
Suppose y = -0*y + 6. Let a = y + -2. Suppose -a*k + 21 = -4*q - 15, -4*k + 38 = -2*q. What are the prime factors of k?
2, 5
Let r = 7112 + -4841. What are the prime factors of r?
3, 757
List the prime factors of ((-15)/(-3))/5 - -742.
743
Let u(d) = 11*d + 6. Let w(b) = 6*b + 3. Let t(f) = -3*u(f) + 5*w(f). Let h be t(-3). List the prime factors of 124/16 - h/8.
7
Suppose c + 7 = 25. List the prime factors of ((-6)/c)/(4/(-276)).
23
Let y(g) = -g**3 - 5*g**2 - 2*g - 9. Let n(f) = f**2 + 2*f - 4. Let i be n(0). Let k be y(i). Let a = k - -44. What are the prime factors of a?
3
Suppose 0 = 7*f - 20 - 50. Suppose 0 = -4*y + f*y - 330. List the prime factors of y.
5, 11
Let f(k) = 4*k**2 - 16*k - 26. What are the prime factors of f(13)?
2, 13, 17
Let r(c) be the third derivative of c**6/120 - 3*c**5/20 + 3*c**4/8 - 5*c**3/6 + 5*c**2. Let y be r(8). Suppose b - y = -0. What are the prime factors of b?
3
Let z(b) = b**3 + 14*b**2 - 28*b + 27. Let j be z(-16). Suppose 15 = -4*w - 69. Let c = w - j. What are the prime factors of c?
2
Suppose 0 = -147*f + 186*f - 165165. What are the prime factors of f?
5, 7, 11
Let m be 20/1*266/28. Suppose 2*y - m + 64 = 0. What are the prime factors of y?
3, 7
Let b = 5262 + -3566. What are the prime factors of b?
2, 53
Suppose 2*n + 3*s + s = -12, -3*n = 2*s + 6. Suppose 3*k - 3*w + 23 = -7, -k - w - 2 = 0. List the prime factors of k/(n - (-1 - -3)).
3
Suppose -m - 4*m = 155. Let p = m - -50. List the prime factors of (p - 2)/(7/21).
3, 17
Let u be (-5)/((-1 + -5)/3 - -1). Suppose -4*w = -5*s + 637, -4*s + u*s - 131 = -w. What are the prime factors of s?
3, 43
Let p(c) = 6*c + 5. Let j be p(-1). What are the prime factors of (6/(j + 2))/(2/10)?
2, 3, 5
Let c(o) = -190*o - 11. Let p(y) = -127*y - 7. Let u(d) = 5*c(d) - 7*p(d). List the prime factors of u(-1).
5, 11
Let f = 9 - 10. Let i = f - -5. Suppose i*d + 57 = 189. What are the prime factors of d?
3, 11
Let q = 9247 - 4522. What are the prime factors of q?
3, 5, 7
What are the prime factors of (-493)/(-1) + (-5 + 1)*1?
3, 163
List the prime factors of -4*((-397)/4 - (-7 - -7)).
397
Let k(y) = 7*y - 14. Let x(r) = -8*r + 13. Let d(n) = 3*k(n) + 4*x(n). What are the prime factors of d(-11)?
131
Suppose 0 = 35*o - 113530 - 15830. What are the prime factors of o?
2, 3, 7, 11
Let h(j) = j**3 - 7*j**2 + 6*j + 3. Let g be h(6). Let c be -2*104/(-6)*g. Suppose -m - 20 = 4*m, -4*f = -2*m - c. List the prime factors of f.
2, 3
Let y(h) = 0*h + 2*h + 8*h + 9 - h. What are the prime factors of y(3)?
2, 3
Let u(v) be the first derivative of -23*v**2/2 + 3*v - 7. What are the prime factors of u(-1)?
2, 13
Let l = 46 - 46. Suppose -3*n + 5*v + 182 = -l*v, 5*n = 2*v + 316. List the prime factors of n.
2
Let v(p) = 3*p**2 - 38. List the prime factors of v(-7).
109
Let l be (-6)/(-8) - (-558)/24. Let a = 42 + l. What are the prime factors of a?
2, 3, 11
Let i = 39 - -246. Suppose p = -4*p + i. List the prime factors of 1/((9/3)/p).
19
Let w = -495 + 495. Let p(u) = -9*u - 1. Let v be p(-5). Suppose -v = -2*j - 4*m, w = 4*j + 5*m - m - 92. List the prime factors of j.
2, 3
Suppose -s - 2 = -5. Let p be (-2)/((-2)/15) - s. List the prime factors of p/(-9)*(-3)/2.
2
Suppose 5*v - 2*v + 13 = -r, 6 = 2*v - 3*r. Let l(n) = 2*n**2 - 3*n. List the prime factors of l(v).
3
Suppose -s + 216 = 3*l, 4*l - 1020 = -5*s + l. What are the prime factors of s?
3, 67
Suppose 0 = -3*c + 12 - 6. Suppose 130 = c*w - 7*w. Let m = 50 + w. List the prime factors of m.
2, 3
Suppose 0 = -3*h + 5*l - 92, -5*h - 76 = -2*h - l. Let i = h - -64. What are the prime factors of i?
2, 5
Suppose 17*d = 20*d - 6. Suppose 2*h - 288 = -d*h. List the prime factors of h.
2, 3
Suppose -3*p - 5*x - 4 - 11 = 0, 0 = -2*p - x - 10. List the prime factors of (-370)/(-15) - (15/9)/p.
5
Let l = -86 + 95. List the prime factors of -302*((-3)/5 + l/90).
151
Let g(x) = 23*x + 171. What are the prime factors of g(25)?
2, 373
Suppose -3*f = -6*f - 765. Let t = f - -474. What are the prime factors of 4/6 + t/9?
5
Let p = -50 + 39. Let q = 1 - p. What are the prime factors of q?
2, 3
Suppose -6*q + 2*q + 24 = 0. Suppose q*p - 135 = p + f, 2*f + 46 = 2*p. What are the prime factors of p?
2, 7
Let b = 8 + -4. Suppose -5*s - 4*n + 12 = -s, 0 = -b*s - 5*n + 12. Suppose -3*f = -4*d + 13, s*d - 5*f - 2 = 5. What are the prime factors of d?
2
What are the prime factors of (-20)/(-20) - -647*1?
2, 3
Let u = 24 - 35. Let j = 7 + u. List the prime factors of (-210)/(-3)*j/(-8).
5, 7
Let k = -40 - -65. Let i = k - -43. Suppose -3*m + 13 = -i. List the prime factors of m.
3
Let b be (-1)/4 - (-255)/12. Suppose -b*i = -19*i - 34. What are the prime factors of i?
17
Let x(w) = -4*w + 1. Let p be x(-1). Suppose p*o = -h - 21, 3*o + 7 = -0*o - 2*h. Let m = o + 19. What are the prime factors of m?
2, 7
Suppose 24 = 4*o - o. Let b be (o/6)/((-6)/(-9)). Suppose f + b*k = 3*f - 40, 2*f - 5*k = 43. List the prime factors of f.
19
Suppose 2*m = 3*m + 5*y - 24, 2*y = -m + 12. Suppose m*s + 6 = 5*s. Suppose -i = n - s, -i - i + 5 = n. List the prime factors of n.
7
Let v be (-8)/(-36) - (-48)/27. Suppose -v*l = 2*i + l + 20, -i - 2*l - 11 = 0. Let y = 22 + i. What are the prime factors of y?
3, 5
Let z(u) = 71*u - 171. List the prime factors of z(4).
113
Let j(o) = -38*o - 3. Let i be j(-3). Let m = 237 - i. List the prime factors of m.
2, 3, 7
Suppose 0 = d + 4*s - 6*s - 12, 36 = 3*d + 3*s. Suppose -9*a = -d*a. Suppose 0*o + 4*o - 96 = a. What are the prime factors of o?
2, 3
Let k(h) = 3*h + 99. Let c be k(-31). Suppose 5*g = c*g - 224. List the prime factors of g.
2, 7
Suppose 0 = 5*n + 12 - 62. Suppose 5*r - n = -0*r. Suppose -r*x + 94 = -0*x. What are the prime factors of x?
47
Suppose -3603 = -3*j + 2118. What are the prime factors of j?
1907
Let f = -15 + 14. Let t be (0 - f) + -11 + 15. Suppose -d + 16 = 3*h, 2*h - 4*d = d + t. What are the prime factors of h?
5
Let w = 63 + -73. What are the prime factors of 3168/15 - 8/w?
2, 53
List the prime factors of 2860/6 - (-3)/9.
3, 53
Let p be 900/(-250) + (1 - 7/5). List the prime factors of 354/18*(-6)/p*4.
2, 59
Let d(l) = 10*l + 2. Let y be d(-10). Let v = -28 - y. What are the prime factors of v?
2, 5, 7
Suppose -15*p + 12*p = -7002. List the prime factors of (-6)/(-39) + p/39.
2, 3, 5
Let j be -4*(2/(-2) - 0). Let l = 88 - 74. Suppose 3*z + j*i = -l, 1 = -z - z - i. What are the prime factors of z?
2
Let a = -342 + 1020. List the prime factors of a.
2, 3, 113
Suppose 108*b = 112*b - 520. What are the prime factors of b?
2, 5, 13
Let v be 228/(-54) + 2/9. Let u = v + 10. Suppose -2*h + 12 = -u. What are the prime factors of h?
3
Let u(c) = -2*c**2 - c + 1. Let k be u(2). What are the prime factors of (2 - 75 - -1)/(6/k)?
2, 3
Suppose 4*s - 4*a + 2485 = 19641, 2*s = -4*a + 8566. What are the prime factors of s?
3, 1429
Let z = 1742 - 1102. What are the prime factors of z?
2, 5
Suppose 16 = y + 4*z, 4*y + z - 42 = -4*z. List the prime factors of (-26 + 0)*(-8)/y.
2, 13
List the prime factors of ((-352)/20)/((-4)/330).
2, 3, 11
Suppose 126*n - 63817 - 98345 = 0. What are the prime factors of n?
3, 11, 13
Suppose 140*j = 142*j - 24. List the prime factors of j.
2, 3
Suppose 5*q + 146 = -4*x + 18, -5*x - 3*q = 147. Let h = x + 22. Let m = h - -16. List the prime factors of m.
11
Let k be 2*3/(-12)*0. Let w be (-1368)/(-72) - 1*3. Suppose k = h - w. What are the prime factors of h?
2
What are the prime factors of (-4630)/(-14) + 22/77?
331
List the prime factors of (-5)/((-60)/18)*6836/6.
1709
Let f(m) = -m**2 + 3. Let k be f(5). Suppose 139 = 20*b - 221. Let i = b - k. What are the prime factors of i?
2, 5
Suppose 0 = -25*m + 26*m + 3. Let l(t) = t**3 + 5*t**2 + t - 4. List the prime factors of l(m).
11
Let t(k) = -98*k - 97. Wh